the units digit of i?
1
Let a = 13 - -7. Let b be a/36*-3*-3. Suppose -b*v = -15, 5*v - 4 = 3*g - 1. What is the units digit of g?
4
Suppose 2*w - y - 5 - 2 = 0, 5*w = -y + 21. Let l(x) = 12*x + 15 + 7 + 3*x**2 - 6 - w*x**2. What is the tens digit of l(11)?
2
Let v(z) = -4*z**3 + 2*z**2 + 8. What is the units digit of v(-4)?
6
What is the tens digit of (-16)/((-1476)/(-148) + -10)?
9
Let m(q) = -8*q**2 + q**3 - 1 + 9*q - 5 + 13. Suppose -4*a + 14 = -2*a. What is the tens digit of m(a)?
2
Suppose 92*t = 82*t + 15830. What is the tens digit of t?
8
Let u = 2172 + -152. What is the tens digit of u?
2
Suppose -5*a - r + 2*r = -548, 3*r = a - 118. Let z = a - 95. What is the tens digit of z?
1
Let h = 14 - 12. Suppose 0*p - 91 = -p - 5*u, p - 84 = h*u. What is the tens digit of p?
8
What is the tens digit of (1874 - 1)/((-3)/18*-6)?
7
Suppose -38*x = 15*x - 53954. What is the units digit of x?
8
Let c = 1733 - 593. What is the thousands digit of c?
1
Suppose 4*b - 6290 = -1946. What is the hundreds digit of b?
0
Suppose -k - 2 = 6. What is the tens digit of 176 - (k + (-16)/(-4))?
8
Let w be 2*6/16*4. Suppose 3*v - 17 = w*i - i, i + 26 = 4*v. Suppose v*z - 60 = 3*z. What is the units digit of z?
5
Suppose s - h - 18 = -4*s, 0 = -3*s + 4*h + 4. What is the units digit of (-459)/(-6) - 6/s?
5
Suppose -3*d - 2*d = q + 33, 0 = -2*q + d - 33. Let m = q + 23. What is the units digit of m?
5
Suppose -7*n - 1465 = -12*n. What is the units digit of n?
3
Let w = 657 + -172. What is the tens digit of w?
8
Let w = 113 + 229. What is the units digit of w?
2
Let v(l) = -44*l - 27. What is the tens digit of v(-7)?
8
Suppose -9*u + 552 = 3018. Let r = u + 518. What is the tens digit of r?
4
Suppose 0*q = -q. Suppose q = l - 87 - 88. Suppose l = 2*p + 3*p + 2*r, 4*r = 20. What is the units digit of p?
3
Let i(j) = 4*j**2 + j. Let k be i(1). Let s(l) = 5 + k*l - 4 - 1. What is the tens digit of s(4)?
2
Suppose 3*g + 216 = -162. Let z = g + 247. What is the units digit of z?
1
Suppose -v = -932 - 4830. What is the units digit of v?
2
Suppose -2*g + 5*d + 21 = -39, g = 2*d + 28. Suppose g = -0*s + s. What is the units digit of (75/s)/(3/20)?
5
Suppose 4*h + 5256 = 2*v + 1884, 0 = 4*v - 2*h - 6720. What is the thousands digit of v?
1
Suppose 17*o = 9*o + 1832. What is the tens digit of o?
2
Let a = -46 - -139. Let v = a - 91. What is the units digit of v?
2
Suppose 6 = 6*w - 12. Suppose 0 = 4*t - 8*t - 16, -2*u + 346 = -w*t. What is the hundreds digit of u?
1
Suppose 3*t + 2*v - v = -9, 2*t + 20 = 4*v. Let s(q) = -q**3 - 5*q**2 - 7*q + 8. What is the units digit of s(t)?
0
Let k = 365 - 132. What is the hundreds digit of k?
2
Suppose 5*q = 2*q - 30. Let h(w) = -2*w**2 + 16*w - 18. Let b(r) = -r + 1. Let v(g) = q*b(g) - h(g). What is the tens digit of v(6)?
4
Suppose -19*h = -24*h + 10. Suppose 199 = 3*i + h*z, 0 = -5*i + i + 2*z + 270. What is the units digit of i?
7
What is the units digit of 3755*(28/210)/(2/3)?
1
Let r be ((-19)/(-2))/((-6)/(-12)). Let f = -13 + r. What is the units digit of f?
6
Suppose 0 = -5*r - 4*a - 8, 4*a - 2 = 2*r + 5*a. Suppose r = 2*k - 4, v - 3*k - 354 = -v. What is the tens digit of v?
8
Let n = -83 + 94. Let i(g) = -g + 1. Let m be i(-3). Let x = m + n. What is the units digit of x?
5
Suppose -j - 3*j = -25832. What is the hundreds digit of j?
4
Let l(c) = -c**3 - 16*c**2 + 24*c - 44. What is the hundreds digit of l(-20)?
0
Let a = 5950 + -2069. What is the hundreds digit of a?
8
Let i(s) = s**2 - 3*s - 4. Let o be i(4). What is the tens digit of (2 + o)*485/10?
9
Suppose -3*l + 0*o = 3*o - 15, -7 = l + 5*o. Suppose -l*f = -13*f + 60. Suppose -f = -h + 1. What is the units digit of h?
3
Let z(g) = -16*g - 4. Let w be z(1). What is the tens digit of 318*(w/12)/(-5)?
0
Let v = 45 + -25. Let x = -11 + 16. Suppose -3*q = -2*q + 2*a - 28, x*a = -v. What is the units digit of q?
6
Suppose -k + 5*z + 253 = 0, 16*k + 4*z - 835 = 13*k. What is the units digit of k?
3
Let w = -1671 - -2398. What is the tens digit of w?
2
Suppose -6*i - 476 = -1220. What is the tens digit of (-3)/(1*(-4)/i)?
9
Let u = 1788 - 699. Suppose -2*k - 439 + u = 0. What is the units digit of k?
5
Suppose 0 = -12*j + 3*j - 2214. Let n = -160 - j. What is the units digit of n?
6
Let k(g) = 108*g + 67. What is the tens digit of k(8)?
3
Let w be 4 + (-1208)/(-20) - 4/10. Suppose 36 = 2*s - w. What is the units digit of s?
0
Let g = -12 + 10. Let j(d) = -5*d - 1. What is the units digit of j(g)?
9
Let j(p) = 9*p - 26. Let v(y) = 4*y - 13. Let n(l) = 3*j(l) - 7*v(l). What is the units digit of n(9)?
4
Suppose 91*y - 93*y + 2322 = 0. What is the thousands digit of y?
1
Let o(l) = -11*l - 5. Let a be o(-4). Suppose 139 = -r + a. What is the units digit of (-6)/((-5)/(r/(-15)))?
8
Let g be 6/9 + 129/9. Suppose -4*p + 1 + g = 0, 28 = -2*o + p. What is the units digit of 3/(9/o - -1)?
2
Suppose p + y + 7 = 0, p + 2*p + 23 = -4*y. What is the units digit of (4 + p)/((-4)/192)?
8
Suppose -14*y - 1299 = -17*y. What is the units digit of y?
3
Let d(i) = -i**2 + 3*i - 5. Let h be d(2). What is the units digit of (-22)/(-6) - 3 - 16/h?
6
Let r(g) = -g**2 - 9*g - 20. Let u be r(-8). Let w be (-1 + 2)*-1 + -3. What is the tens digit of (w/u)/(1/87)?
2
What is the hundreds digit of (-4)/34 - 473572/(-748)?
6
Suppose 4214 + 886 = 15*v. Let d = v + -88. What is the hundreds digit of d?
2
Let w(n) = n + 2. Suppose -19 = -3*q - 2*q - x, 17 = 3*q + 2*x. Let s be w(q). Suppose 7*i - 8 = s*i. What is the units digit of i?
4
Suppose 4072 = -16*j + 13208. What is the tens digit of j?
7
Let y(t) be the second derivative of -t**3/6 - t**2 + 20*t. What is the units digit of y(-4)?
2
Suppose 3*h + 6*r = 3*r + 21, h - 2*r = -8. Suppose -2*c - 76 = 5*a, 16 = -h*a - 3*c - 10. What is the units digit of 5*(0 - a/10)?
8
Suppose -269 + 1172 = -3*c. Let k = -124 - c. What is the tens digit of k?
7
Let d(k) = -690*k - 25. What is the hundreds digit of d(-2)?
3
Suppose -8 = -7*x + 3*x. Suppose 0 = -4*f + n + 3*n + 4, -x = -2*f + 5*n. Let w = f - -11. What is the units digit of w?
2
Suppose -o - 11 = -3*v - 3*o, 5*v - 31 = 3*o. Suppose 2*y = -f - 9, v*y = -f - 5 - 4. What is the units digit of f/(-12)*4*1?
3
What is the units digit of 2 - (-16)/(-7) - (-2075)/35?
9
What is the hundreds digit of 24/(-18) - ((-13880)/15 + -3)?
9
Let b = 503 + 2436. What is the units digit of b?
9
Let h = -21 + 24. Suppose -5*o = -o + h*l - 233, 5*o + 4*l = 291. What is the tens digit of o?
5
Suppose -6*g + 10 = -11*g. Let b be (0/(-2) - g) + 20. Let s = b + -12. What is the tens digit of s?
1
Let y = -12 - -20. Suppose y*r = r + 245. What is the units digit of r?
5
Suppose 12*f - 11*f - 582 = 0. Let x = f + -363. What is the hundreds digit of x?
2
Let s be (-6)/(-12) - (-46)/(-4). Let h = 18 + s. Suppose 0 = 11*f - h*f - 152. What is the tens digit of f?
3
Let d(h) = 82*h**3 + h**2 + 4*h - 5. What is the tens digit of d(2)?
6
Let q be 28/6*60/70. Let x = -16 - -23. Let y = q + x. What is the units digit of y?
1
Let r = 930 - 595. What is the hundreds digit of r?
3
Let u = 1617 + -863. What is the hundreds digit of u?
7
Let x = -1397 + 2032. What is the hundreds digit of x?
6
Let p be 3 + -127 + 1 + 2. Let l = 169 + p. Suppose 2*m - l = -m. What is the units digit of m?
6
Let v(a) = -3*a**3 + 1. Let j(f) = -f**3 - 9*f**2 + 2*f + 19. Let q be j(-9). Let b be v(q). What is the units digit of 12/18*(-207)/b?
9
Suppose -91*l = -93*l - 4*q + 6356, l + 5*q = 3178. What is the hundreds digit of l?
1
Let p(h) = 48*h + 208. What is the units digit of p(15)?
8
Let k(j) = 20*j**2 - 7*j + 4. What is the hundreds digit of k(-5)?
5
Suppose -3*c = k + 7, -c - 6 = 3*k + 3*c. Suppose 0 = -4*r - 4*i + 116, k*r + r - 4*i = 122. What is the tens digit of r?
3
Suppose 3*y - 1 - 11 = 0. Suppose -y*q + 722 - 266 = 0. What is the units digit of q?
4
Let s(u) = u**2 - 7*u + 15. Let m be (-5)/(6/4 + -2). What is the units digit of s(m)?
5
Let s(z) = 6*z - 9. Let v be s(6). Suppose 9*u = 2*o + 4*u - 55, -3*u = -o + v. What is the tens digit of o?
3
Suppose -f + 6*f = 45. Suppose -f*q - 321 = -12*q. What is the units digit of q?
7
Suppose -3*g - 3 = 0, 2*g = 4*z - 400 + 58. What is the tens digit of z?
8
Suppose 0 = 4*b - 4*f + 6*f - 1576, 4*b - 1596 = 3*f.